s -8420084 + a?
-8420075
In base 12, what is 5 + -367777?
-367772
In base 15, what is -8b2658 + -4?
-8b265c
In base 3, what is -20210 - 1220121212?
-1220212122
In base 9, what is -1 + -520055?
-520056
In base 6, what is 112221040 - 12?
112221024
In base 8, what is 32610466 + -4?
32610462
In base 8, what is -1113625 - 14?
-1113641
In base 12, what is 2 - 26bba1?
-26bb9b
In base 15, what is -b4cd14 - -5b?
-b4cca8
In base 4, what is -131212023 + -330?
-131213013
In base 15, what is 2 - -1d50249?
1d5024b
In base 13, what is -8165 - 643?
-87a8
In base 3, what is -102 - -20220012010220?
20220012010111
In base 14, what is d8619 + -7d?
d857a
In base 12, what is -bb + -48266?
-48365
In base 2, what is 1001110010001110 - 110010100?
1001101011111010
In base 11, what is -aa + 284968?
284869
In base 12, what is 298020 + -7?
298015
In base 15, what is 24e75 + 394?
25319
In base 3, what is -112200101 + -20220?
-112221021
In base 11, what is -4a5a105 - 83?
-4a5a188
In base 5, what is 131 - -21401210?
21401341
In base 8, what is -655170 + 10?
-655160
In base 10, what is 9120 - 31?
9089
In base 14, what is -5570bc - -8?
-5570b4
In base 6, what is 4532 - -21333532?
21342504
In base 8, what is 3500514 - -4?
3500520
In base 8, what is -24 + -13370102?
-13370126
In base 3, what is -11 + -121021121110020?
-121021121110101
In base 10, what is 257 + -4912946?
-4912689
In base 16, what is -1 + 2384ee?
2384ed
In base 6, what is 25 - -54321033?
54321102
In base 8, what is 111 + -373462?
-373351
In base 11, what is 6a - 34a15?
-34956
In base 10, what is 278138130 - -3?
278138133
In base 6, what is 2505244 + -30?
2505214
In base 7, what is -261 - 2661?
-3252
In base 8, what is -54 - -24233040?
24232764
In base 14, what is -1da + -4506?
-4702
In base 16, what is 150b02 + -38?
150aca
In base 13, what is -1259 + c216?
ac8a
In base 14, what is -10b9d4 - 9?
-10b9dd
In base 9, what is 17737435 - 10?
17737425
In base 11, what is -3578 - 63?
-3630
In base 12, what is -7165 + -3130?
-a295
In base 2, what is -1110 + 101100000101110001111001011?
101100000101110001110111101
In base 4, what is -31 + 20210030111?
20210030020
In base 3, what is -20002 + -2212111100?
-2212201102
In base 10, what is 6239 + 2033?
8272
In base 10, what is 12 - -1230161?
1230173
In base 4, what is -2132221 - -3001?
-2123220
In base 13, what is 4 + -1527187?
-1527183
In base 11, what is -59a + -948?
-1437
In base 7, what is -106 - 1320412?
-1320521
In base 2, what is 110001111001010000 + 101000?
110001111001111000
In base 2, what is 1010001011101101101 + 11?
1010001011101110000
In base 5, what is 2330 + 1004313?
1012143
In base 5, what is 1020 + 3320100?
3321120
In base 16, what is -313 - -282?
-91
In base 14, what is -d742 + -498?
-dbda
In base 2, what is -11100 - 1001101010101101110?
-1001101010110001010
In base 11, what is 15630 + -316?
15315
In base 13, what is -703 - 8211?
-8914
In base 13, what is 51a2 - 218?
4c87
In base 16, what is -e987d6 + -5?
-e987db
In base 4, what is -132000031 + 2231?
-131331200
In base 3, what is 202221202212022 + -10?
202221202212012
In base 6, what is -30 - -22010002?
22005532
In base 4, what is -10221001 + -2002?
-10223003
In base 3, what is 21010212 + -121010?
20112202
In base 15, what is -168a - -bcc1?
a636
In base 14, what is 1225 + -5d0?
a35
In base 13, what is c9 - a88368?
-a8826c
In base 10, what is -3603761 - -101?
-3603660
In base 15, what is b + -3120e3?
-3120d7
In base 16, what is 24 - -a400?
a424
In base 14, what is 92381c - d?
92380d
In base 6, what is -11303132541 - 3?
-11303132544
In base 9, what is 5322062 + 24?
5322086
In base 2, what is -1111001010 + -1111011100101?
-10001010101111
In base 14, what is -16 + 11950c7?
11950b1
In base 7, what is -33155602 - -14?
-33155555
In base 9, what is -3135 + 50208?
46063
In base 14, what is 44 - 95163?
-9511d
In base 5, what is -1042100123213 + -2?
-1042100123220
In base 4, what is 13212231223200 + 3?
13212231223203
In base 8, what is 121656130 + -5?
121656123
In base 7, what is -103614506 - -2?
-103614504
In base 7, what is -1232 - 130363?
-131625
In base 15, what is -64 + 3e996?
3e932
In base 6, what is 0 - 21301154?
-21301154
In base 5, what is 210322433 - -13?
210323001
In base 8, what is 0 - -27121465?
27121465
In base 11, what is -281402356 + -5?
-281402360
In base 10, what is -35170 - 94?
-35264
In base 12, what is 56 - -5691?
5727
In base 6, what is 1142254424 - -5?
1142254433
In base 9, what is -14 + -1443?
-1457
In base 14, what is 3 - -21c5ca?
21c5cd
In base 7, what is 526533 + 1034?
530600
In base 6, what is -310323310 - 15?
-310323325
In base 13, what is a0 + -1a176?
-1a0a6
In base 10, what is -9 + 868902?
868893
In base 3, what is 1001011201020112 - 2?
1001011201020110
In base 6, what is -14335 - 135313?
-154052
In base 5, what is -10042 + -233241?
-243333
In base 14, what is -1 + 5146bb?
5146ba
In base 9, what is 67560 + 117?
67677
In base 11, what is 6329 - -134?
6462
In base 3, what is -12111002120000 - -12?
-12111002112211
In base 16, what is 2267739e - -2?
226773a0
In base 3, what is -10 - 201222122111122?
-201222122111202
In base 15, what is -8007556 + 4?
-8007552
In base 2, what is -1110111100111001101 + 1011?
-1110111100111000010
In base 11, what is -539a - 261?
-5650
In base 8, what is -52552 + -21511?
-74263
In base 9, what is 224141577 - -6?
224141584
In base 12, what is -6 + 2a5bb27?
2a5bb21
In base 9, what is -2 - 11887086?
-11887088
In base 16, what is eaef4 - 54?
eaea0
In base 3, what is -1221002011102 - -12?
-1221002011020
In base 5, what is 14 - -1430224120?
1430224134
In base 12, what is 0 - -4335a19?
4335a19
In base 9, what is -20641 - -17212?
-2428
In base 2, what is -11 - -11100101011011010111000?
11100101011011010110101
In base 3, what is -112100000102112 - -21?
-112100000102021
In base 2, what is -11 - -11011101000100000100100101?
11011101000100000100100010
In base 11, what is 18a005 - 4?
18a001
In base 2, what is 100100100010110 + 100?
100100100011010
In base 8, what is 217 - 2072502?
-2072263
In base 11, what is -5 - -56554272?
56554268
In base 14, what is 455a961 - 19?
455a946
In base 15, what is -158e2aa - -1?
-158e2a9
In base 7, what is -1613451314 + 3?
-1613451311
In base 2, what is 100011101 - -110000100111000010?
110000101011011111
In base 8, what is -17702 - 110?
-20012
In base 4, what is -12000 + 2310220?
2232220
In base 11, what is -1 + -31a567?
-31a568
In base 5, what is 11003424 - 12210?
10441214
In base 8, what is -35211657 - -1?
-35211656
In base 10, what is 130 + -79413?
-79283
In base 9, what is -2883 + 17023?
14030
In base 11, what is -2 - 5753330?
-5753332
In base 6, what is 3351 + 24530444?
24534235
In base 14, what is 0 + 1b814b0?
1b814b0
In base 10, what is 14569598 - 0?
14569598
In base 16, what is -4b6a + cc7?
-3ea3
In base 9, what is 6 - -111014366?
111014373
In base 2, what is -10001000100100010 - -1111011?
-10001000010100111
In base 15, what is 1d + 53ab5?
53ad3
In base 5, what is -3 - 23433402021?
-23433402024
In base 11, what is -2 - 52290628?
-5229062a
In base 10, what is -4 + 1790955?
1790951
In base 2, what is -111101 - 11111000101000000110?
-11111000101001000011
In base 14, what is 12605c - -385?
126403
In base 7, what is 5040161261 - 1?
5040161260
In base 4, what is 3131 + -11223020?
-11213223
In base 13, what is -2a4a895 - -9?
-2a4a889
In base 9, what is -5 - -28531381?
28531375
In base 15, what is -c432e2 - -3?
-c432de
In base 4, what is -223 + -23103110?
-23103333
In base 2, what is 100 - 10100101101010111001101101?
-10100101101010111001101001
In base 8, what is -37442 + -30306?
-67750
In base 15, what is -1d9ea000 - -3?
-1d9e9eec
In base 14, what is 4d966c + -1?
4d966b
In base 2, what is 1001 + 101011001111100101111?
101011001111100111000
In base 3, what is -2011012000 + -20020?
-2011102020
In base 11, what is -9a + -7637?
-7726
In base 3, what is -10111022010002 - 1?
-10111022010010
In base 3, what is -1222021211202212010 + 11?
-1222021211202211222
In base 13, what is -4 - -4482b34?
4482b30
In base 9, what is -42700 + -476?
-43276
In base 15, what is -12450 - -33e?
-12111
In base 7, what is -1126043 - 66?
-1126142
In base 16, what is -e7d214 - 5?
-e7d219
In base 13, what is c94 + -100a85?
-ccac1
In base 8, what is 5300 - -51010?
56310
In base